{"id":1895,"date":"2019-03-10T13:00:12","date_gmt":"2019-03-10T13:00:12","guid":{"rendered":"https:\/\/boheme-luzern.ch\/?page_id=1895"},"modified":"2019-03-10T13:06:04","modified_gmt":"2019-03-10T13:06:04","slug":"fruehstueck-am-schmutzigen-donnerstag-2019-im-wilden-mann","status":"publish","type":"page","link":"https:\/\/boheme-luzern.ch\/index.php\/mitgliederseiten\/fruehstueck-am-schmutzigen-donnerstag-2019-im-wilden-mann\/","title":{"rendered":"Fr\u00fchst\u00fcck am Schmutzigen Donnerstag 2019 im Wilden Mann"},"content":{"rendered":"<div class=\"swpm-post-not-logged-in-msg\">Sie m\u00fcssen sich anmelden, um diesen Inhalt einsehen zu k\u00f6nnen. Bitte <a class=\"swpm-login-link\" href=\"https:\/\/boheme-luzern.ch\/index.php\/interner-bereich\/melde-dich-hier-an\/\">Anmelden<\/a>. Kein Mitglied? <a href=\"https:\/\/boheme-luzern.ch\/index.php\/interner-bereich\/registration-fuer-mitglieder\/\">Werden Sie Mitglied bei uns<\/a><\/div>","protected":false},"excerpt":{"rendered":"<p>Sie m\u00fcssen sich anmelden, um diesen Inhalt einsehen zu k\u00f6nnen.  [&#8230;]<\/p>\n","protected":false},"author":2,"featured_media":0,"parent":733,"menu_order":0,"comment_status":"closed","ping_status":"closed","template":"","meta":{"ngg_post_thumbnail":0,"jetpack_post_was_ever_published":false,"footnotes":""},"class_list":["post-1895","page","type-page","status-publish","hentry"],"yoast_head":"<!-- This site is optimized with the Yoast SEO plugin v27.4 - https:\/\/yoast.com\/product\/yoast-seo-wordpress\/ -->\n<title>Fr\u00fchst\u00fcck am Schmutzigen Donnerstag 2019 im Wilden Mann - Boh\u00e8me Musig Loz\u00e4rn<\/title>\n<meta name=\"robots\" content=\"index, follow, max-snippet:-1, max-image-preview:large, max-video-preview:-1\" \/>\n<link rel=\"canonical\" href=\"https:\/\/boheme-luzern.ch\/index.php\/mitgliederseiten\/fruehstueck-am-schmutzigen-donnerstag-2019-im-wilden-mann\/\" \/>\n<meta property=\"og:locale\" content=\"de_DE\" \/>\n<meta property=\"og:type\" content=\"article\" \/>\n<meta property=\"og:title\" content=\"Fr\u00fchst\u00fcck am Schmutzigen Donnerstag 2019 im Wilden Mann - Boh\u00e8me Musig Loz\u00e4rn\" \/>\n<meta property=\"og:description\" content=\"Sie m\u00fcssen sich anmelden, um diesen Inhalt einsehen zu k\u00f6nnen. [...]\" \/>\n<meta property=\"og:url\" content=\"https:\/\/boheme-luzern.ch\/index.php\/mitgliederseiten\/fruehstueck-am-schmutzigen-donnerstag-2019-im-wilden-mann\/\" \/>\n<meta property=\"og:site_name\" content=\"Boh\u00e8me Musig Loz\u00e4rn\" \/>\n<meta property=\"article:publisher\" content=\"https:\/\/de-de.facebook.com\/BohemeLuzern\/\" \/>\n<meta property=\"article:modified_time\" content=\"2019-03-10T13:06:04+00:00\" \/>\n<meta name=\"twitter:card\" content=\"summary_large_image\" \/>\n<script type=\"application\/ld+json\" class=\"yoast-schema-graph\">{\"@context\":\"https:\\\/\\\/schema.org\",\"@graph\":[{\"@type\":\"WebPage\",\"@id\":\"https:\\\/\\\/boheme-luzern.ch\\\/index.php\\\/mitgliederseiten\\\/fruehstueck-am-schmutzigen-donnerstag-2019-im-wilden-mann\\\/\",\"url\":\"https:\\\/\\\/boheme-luzern.ch\\\/index.php\\\/mitgliederseiten\\\/fruehstueck-am-schmutzigen-donnerstag-2019-im-wilden-mann\\\/\",\"name\":\"Fr\u00fchst\u00fcck am Schmutzigen Donnerstag 2019 im Wilden Mann - Boh\u00e8me Musig Loz\u00e4rn\",\"isPartOf\":{\"@id\":\"https:\\\/\\\/boheme-luzern.ch\\\/#website\"},\"datePublished\":\"2019-03-10T13:00:12+00:00\",\"dateModified\":\"2019-03-10T13:06:04+00:00\",\"breadcrumb\":{\"@id\":\"https:\\\/\\\/boheme-luzern.ch\\\/index.php\\\/mitgliederseiten\\\/fruehstueck-am-schmutzigen-donnerstag-2019-im-wilden-mann\\\/#breadcrumb\"},\"inLanguage\":\"de\",\"potentialAction\":[{\"@type\":\"ReadAction\",\"target\":[\"https:\\\/\\\/boheme-luzern.ch\\\/index.php\\\/mitgliederseiten\\\/fruehstueck-am-schmutzigen-donnerstag-2019-im-wilden-mann\\\/\"]}]},{\"@type\":\"BreadcrumbList\",\"@id\":\"https:\\\/\\\/boheme-luzern.ch\\\/index.php\\\/mitgliederseiten\\\/fruehstueck-am-schmutzigen-donnerstag-2019-im-wilden-mann\\\/#breadcrumb\",\"itemListElement\":[{\"@type\":\"ListItem\",\"position\":1,\"name\":\"Startseite\",\"item\":\"https:\\\/\\\/boheme-luzern.ch\\\/\"},{\"@type\":\"ListItem\",\"position\":2,\"name\":\"Mitgliederseiten\",\"item\":\"https:\\\/\\\/boheme-luzern.ch\\\/index.php\\\/mitgliederseiten\\\/\"},{\"@type\":\"ListItem\",\"position\":3,\"name\":\"Fr\u00fchst\u00fcck am Schmutzigen Donnerstag 2019 im Wilden Mann\"}]},{\"@type\":\"WebSite\",\"@id\":\"https:\\\/\\\/boheme-luzern.ch\\\/#website\",\"url\":\"https:\\\/\\\/boheme-luzern.ch\\\/\",\"name\":\"Boh\u00e8me Musig Loz\u00e4rn\",\"description\":\"\",\"publisher\":{\"@id\":\"https:\\\/\\\/boheme-luzern.ch\\\/#organization\"},\"potentialAction\":[{\"@type\":\"SearchAction\",\"target\":{\"@type\":\"EntryPoint\",\"urlTemplate\":\"https:\\\/\\\/boheme-luzern.ch\\\/?s={search_term_string}\"},\"query-input\":{\"@type\":\"PropertyValueSpecification\",\"valueRequired\":true,\"valueName\":\"search_term_string\"}}],\"inLanguage\":\"de\"},{\"@type\":\"Organization\",\"@id\":\"https:\\\/\\\/boheme-luzern.ch\\\/#organization\",\"name\":\"Boh\u00e8me Musig Loz\u00e4rn\",\"url\":\"https:\\\/\\\/boheme-luzern.ch\\\/\",\"logo\":{\"@type\":\"ImageObject\",\"inLanguage\":\"de\",\"@id\":\"https:\\\/\\\/boheme-luzern.ch\\\/#\\\/schema\\\/logo\\\/image\\\/\",\"url\":\"https:\\\/\\\/i2.wp.com\\\/boheme-luzern.ch\\\/wp-content\\\/uploads\\\/2018\\\/04\\\/logo_boheme_transparent.gif?fit=97%2C68&ssl=1\",\"contentUrl\":\"https:\\\/\\\/i2.wp.com\\\/boheme-luzern.ch\\\/wp-content\\\/uploads\\\/2018\\\/04\\\/logo_boheme_transparent.gif?fit=97%2C68&ssl=1\",\"width\":97,\"height\":68,\"caption\":\"Boh\u00e8me Musig Loz\u00e4rn\"},\"image\":{\"@id\":\"https:\\\/\\\/boheme-luzern.ch\\\/#\\\/schema\\\/logo\\\/image\\\/\"},\"sameAs\":[\"https:\\\/\\\/de-de.facebook.com\\\/BohemeLuzern\\\/\"]}]}<\/script>\n<!-- \/ Yoast SEO plugin. -->","yoast_head_json":{"title":"Fr\u00fchst\u00fcck am Schmutzigen Donnerstag 2019 im Wilden Mann - Boh\u00e8me Musig Loz\u00e4rn","robots":{"index":"index","follow":"follow","max-snippet":"max-snippet:-1","max-image-preview":"max-image-preview:large","max-video-preview":"max-video-preview:-1"},"canonical":"https:\/\/boheme-luzern.ch\/index.php\/mitgliederseiten\/fruehstueck-am-schmutzigen-donnerstag-2019-im-wilden-mann\/","og_locale":"de_DE","og_type":"article","og_title":"Fr\u00fchst\u00fcck am Schmutzigen Donnerstag 2019 im Wilden Mann - Boh\u00e8me Musig Loz\u00e4rn","og_description":"Sie m\u00fcssen sich anmelden, um diesen Inhalt einsehen zu k\u00f6nnen. [...]","og_url":"https:\/\/boheme-luzern.ch\/index.php\/mitgliederseiten\/fruehstueck-am-schmutzigen-donnerstag-2019-im-wilden-mann\/","og_site_name":"Boh\u00e8me Musig Loz\u00e4rn","article_publisher":"https:\/\/de-de.facebook.com\/BohemeLuzern\/","article_modified_time":"2019-03-10T13:06:04+00:00","twitter_card":"summary_large_image","schema":{"@context":"https:\/\/schema.org","@graph":[{"@type":"WebPage","@id":"https:\/\/boheme-luzern.ch\/index.php\/mitgliederseiten\/fruehstueck-am-schmutzigen-donnerstag-2019-im-wilden-mann\/","url":"https:\/\/boheme-luzern.ch\/index.php\/mitgliederseiten\/fruehstueck-am-schmutzigen-donnerstag-2019-im-wilden-mann\/","name":"Fr\u00fchst\u00fcck am Schmutzigen Donnerstag 2019 im Wilden Mann - Boh\u00e8me Musig Loz\u00e4rn","isPartOf":{"@id":"https:\/\/boheme-luzern.ch\/#website"},"datePublished":"2019-03-10T13:00:12+00:00","dateModified":"2019-03-10T13:06:04+00:00","breadcrumb":{"@id":"https:\/\/boheme-luzern.ch\/index.php\/mitgliederseiten\/fruehstueck-am-schmutzigen-donnerstag-2019-im-wilden-mann\/#breadcrumb"},"inLanguage":"de","potentialAction":[{"@type":"ReadAction","target":["https:\/\/boheme-luzern.ch\/index.php\/mitgliederseiten\/fruehstueck-am-schmutzigen-donnerstag-2019-im-wilden-mann\/"]}]},{"@type":"BreadcrumbList","@id":"https:\/\/boheme-luzern.ch\/index.php\/mitgliederseiten\/fruehstueck-am-schmutzigen-donnerstag-2019-im-wilden-mann\/#breadcrumb","itemListElement":[{"@type":"ListItem","position":1,"name":"Startseite","item":"https:\/\/boheme-luzern.ch\/"},{"@type":"ListItem","position":2,"name":"Mitgliederseiten","item":"https:\/\/boheme-luzern.ch\/index.php\/mitgliederseiten\/"},{"@type":"ListItem","position":3,"name":"Fr\u00fchst\u00fcck am Schmutzigen Donnerstag 2019 im Wilden Mann"}]},{"@type":"WebSite","@id":"https:\/\/boheme-luzern.ch\/#website","url":"https:\/\/boheme-luzern.ch\/","name":"Boh\u00e8me Musig Loz\u00e4rn","description":"","publisher":{"@id":"https:\/\/boheme-luzern.ch\/#organization"},"potentialAction":[{"@type":"SearchAction","target":{"@type":"EntryPoint","urlTemplate":"https:\/\/boheme-luzern.ch\/?s={search_term_string}"},"query-input":{"@type":"PropertyValueSpecification","valueRequired":true,"valueName":"search_term_string"}}],"inLanguage":"de"},{"@type":"Organization","@id":"https:\/\/boheme-luzern.ch\/#organization","name":"Boh\u00e8me Musig Loz\u00e4rn","url":"https:\/\/boheme-luzern.ch\/","logo":{"@type":"ImageObject","inLanguage":"de","@id":"https:\/\/boheme-luzern.ch\/#\/schema\/logo\/image\/","url":"https:\/\/i2.wp.com\/boheme-luzern.ch\/wp-content\/uploads\/2018\/04\/logo_boheme_transparent.gif?fit=97%2C68&ssl=1","contentUrl":"https:\/\/i2.wp.com\/boheme-luzern.ch\/wp-content\/uploads\/2018\/04\/logo_boheme_transparent.gif?fit=97%2C68&ssl=1","width":97,"height":68,"caption":"Boh\u00e8me Musig Loz\u00e4rn"},"image":{"@id":"https:\/\/boheme-luzern.ch\/#\/schema\/logo\/image\/"},"sameAs":["https:\/\/de-de.facebook.com\/BohemeLuzern\/"]}]}},"jetpack_sharing_enabled":true,"jetpack_shortlink":"https:\/\/wp.me\/P9zzpd-uz","jetpack_likes_enabled":true,"jetpack-related-posts":[],"_links":{"self":[{"href":"https:\/\/boheme-luzern.ch\/index.php\/wp-json\/wp\/v2\/pages\/1895","targetHints":{"allow":["GET"]}}],"collection":[{"href":"https:\/\/boheme-luzern.ch\/index.php\/wp-json\/wp\/v2\/pages"}],"about":[{"href":"https:\/\/boheme-luzern.ch\/index.php\/wp-json\/wp\/v2\/types\/page"}],"author":[{"embeddable":true,"href":"https:\/\/boheme-luzern.ch\/index.php\/wp-json\/wp\/v2\/users\/2"}],"replies":[{"embeddable":true,"href":"https:\/\/boheme-luzern.ch\/index.php\/wp-json\/wp\/v2\/comments?post=1895"}],"version-history":[{"count":2,"href":"https:\/\/boheme-luzern.ch\/index.php\/wp-json\/wp\/v2\/pages\/1895\/revisions"}],"predecessor-version":[{"id":1898,"href":"https:\/\/boheme-luzern.ch\/index.php\/wp-json\/wp\/v2\/pages\/1895\/revisions\/1898"}],"up":[{"embeddable":true,"href":"https:\/\/boheme-luzern.ch\/index.php\/wp-json\/wp\/v2\/pages\/733"}],"wp:attachment":[{"href":"https:\/\/boheme-luzern.ch\/index.php\/wp-json\/wp\/v2\/media?parent=1895"}],"curies":[{"name":"wp","href":"https:\/\/api.w.org\/{rel}","templated":true}]}}

Frühstück am Schmutzigen Donnerstag 2019 im Wilden Mann

<div class="swpm-post-not-logged-in-msg">Sie müssen sich anmelden, um diesen Inhalt einsehen zu können. Bitte <a class="swpm-login-link" href="https://boheme-luzern.ch/index.php/interner-bereich/melde-dich-hier-an/">Anmelden</a>. Kein Mitglied? <a href="https://boheme-luzern.ch/index.php/interner-bereich/registration-fuer-mitglieder/">Werden Sie Mitglied bei uns</a></div>

<p>Sie müssen sich anmelden, um diesen Inhalt einsehen zu können.  [&#8230;]</p>

<!-- This site is optimized with the Yoast SEO plugin v27.4 - https://yoast.com/product/yoast-seo-wordpress/ -->
<title>Frühstück am Schmutzigen Donnerstag 2019 im Wilden Mann - Bohème Musig Lozärn</title>
<meta name="robots" content="index, follow, max-snippet:-1, max-image-preview:large, max-video-preview:-1" />
<link rel="canonical" href="https://boheme-luzern.ch/index.php/mitgliederseiten/fruehstueck-am-schmutzigen-donnerstag-2019-im-wilden-mann/" />
<meta property="og:locale" content="de_DE" />
<meta property="og:type" content="article" />
<meta property="og:title" content="Frühstück am Schmutzigen Donnerstag 2019 im Wilden Mann - Bohème Musig Lozärn" />
<meta property="og:description" content="Sie müssen sich anmelden, um diesen Inhalt einsehen zu können. [...]" />
<meta property="og:url" content="https://boheme-luzern.ch/index.php/mitgliederseiten/fruehstueck-am-schmutzigen-donnerstag-2019-im-wilden-mann/" />
<meta property="og:site_name" content="Bohème Musig Lozärn" />
<meta property="article:publisher" content="https://de-de.facebook.com/BohemeLuzern/" />
<meta property="article:modified_time" content="2019-03-10T13:06:04+00:00" />
<meta name="twitter:card" content="summary_large_image" />
<script type="application/ld+json" class="yoast-schema-graph">{"@context":"https:\/\/schema.org","@graph":[{"@type":"WebPage","@id":"https:\/\/boheme-luzern.ch\/index.php\/mitgliederseiten\/fruehstueck-am-schmutzigen-donnerstag-2019-im-wilden-mann\/","url":"https:\/\/boheme-luzern.ch\/index.php\/mitgliederseiten\/fruehstueck-am-schmutzigen-donnerstag-2019-im-wilden-mann\/","name":"Frühstück am Schmutzigen Donnerstag 2019 im Wilden Mann - Bohème Musig Lozärn","isPartOf":{"@id":"https:\/\/boheme-luzern.ch\/#website"},"datePublished":"2019-03-10T13:00:12+00:00","dateModified":"2019-03-10T13:06:04+00:00","breadcrumb":{"@id":"https:\/\/boheme-luzern.ch\/index.php\/mitgliederseiten\/fruehstueck-am-schmutzigen-donnerstag-2019-im-wilden-mann\/#breadcrumb"},"inLanguage":"de","potentialAction":[{"@type":"ReadAction","target":["https:\/\/boheme-luzern.ch\/index.php\/mitgliederseiten\/fruehstueck-am-schmutzigen-donnerstag-2019-im-wilden-mann\/"]}]},{"@type":"BreadcrumbList","@id":"https:\/\/boheme-luzern.ch\/index.php\/mitgliederseiten\/fruehstueck-am-schmutzigen-donnerstag-2019-im-wilden-mann\/#breadcrumb","itemListElement":[{"@type":"ListItem","position":1,"name":"Startseite","item":"https:\/\/boheme-luzern.ch\/"},{"@type":"ListItem","position":2,"name":"Mitgliederseiten","item":"https:\/\/boheme-luzern.ch\/index.php\/mitgliederseiten\/"},{"@type":"ListItem","position":3,"name":"Frühstück am Schmutzigen Donnerstag 2019 im Wilden Mann"}]},{"@type":"WebSite","@id":"https:\/\/boheme-luzern.ch\/#website","url":"https:\/\/boheme-luzern.ch\/","name":"Bohème Musig Lozärn","description":"","publisher":{"@id":"https:\/\/boheme-luzern.ch\/#organization"},"potentialAction":[{"@type":"SearchAction","target":{"@type":"EntryPoint","urlTemplate":"https:\/\/boheme-luzern.ch\/?s={search_term_string}"},"query-input":{"@type":"PropertyValueSpecification","valueRequired":true,"valueName":"search_term_string"}}],"inLanguage":"de"},{"@type":"Organization","@id":"https:\/\/boheme-luzern.ch\/#organization","name":"Bohème Musig Lozärn","url":"https:\/\/boheme-luzern.ch\/","logo":{"@type":"ImageObject","inLanguage":"de","@id":"https:\/\/boheme-luzern.ch\/#\/schema\/logo\/image\/","url":"https:\/\/i2.wp.com\/boheme-luzern.ch\/wp-content\/uploads\/2018\/04\/logo_boheme_transparent.gif?fit=97%2C68&ssl=1","contentUrl":"https:\/\/i2.wp.com\/boheme-luzern.ch\/wp-content\/uploads\/2018\/04\/logo_boheme_transparent.gif?fit=97%2C68&ssl=1","width":97,"height":68,"caption":"Bohème Musig Lozärn"},"image":{"@id":"https:\/\/boheme-luzern.ch\/#\/schema\/logo\/image\/"},"sameAs":["https:\/\/de-de.facebook.com\/BohemeLuzern\/"]}]}</script>
<!-- / Yoast SEO plugin. -->

Frühstück am Schmutzigen Donnerstag 2019 im Wilden Mann - Bohème Musig Lozärn

Sie müssen sich anmelden, um diesen Inhalt einsehen zu können. [...]

Bohème Musig Lozärn
