{"id":5390,"date":"2022-03-21T09:48:49","date_gmt":"2022-03-21T09:48:49","guid":{"rendered":"https:\/\/boheme-luzern.ch\/?page_id=5390"},"modified":"2022-04-11T12:22:24","modified_gmt":"2022-04-11T12:22:24","slug":"boheme_2022","status":"publish","type":"page","link":"https:\/\/boheme-luzern.ch\/index.php\/fotos\/boheme_2022\/","title":{"rendered":"Boh\u00e8me_2022"},"content":{"rendered":"<h2><strong>Fasnachtsprogramm 2022<\/strong><\/h2>\n<h3><span style=\"color: #0000ff;\"><strong><a style=\"color: #0000ff;\" href=\"https:\/\/boheme-luzern.ch\/wp-content\/uploads\/2022\/02\/bohe\u0300me-programm_2022.pdf\" target=\"_blank\" rel=\"noopener\">bohe\u0300me-programm_2022<\/a> <\/strong><\/span><strong>(pdf-Download)<\/strong><\/h3>\n<h2><strong>Boh\u00e8me-Musig Loz\u00e4rn am G\u00fcdismontagmorgen 2022 (privates Video)<\/strong><\/h2>\n<h3><a href=\"https:\/\/www.youtube.com\/watch?v=Q2n3tdvwbhM&amp;t=11s\" target=\"_blank\" rel=\"noopener\"><strong><span style=\"color: #0000ff;\">Download von youtube.com<\/span><\/strong><\/a><\/h3>\n<h2><strong>Auftritt 2022 bei 20minuten <\/strong><strong>(privates Video)<\/strong><\/h2>\n<h3><span style=\"color: #0000ff;\"><a style=\"color: #0000ff;\" href=\"https:\/\/www.youtube.com\/watch?v=E9tmOVHs540&amp;t=7s\" target=\"_blank\" rel=\"noopener\"><strong>Download von youtube,com<\/strong><\/a><\/span><\/h3>\n<h2><strong>Boh\u00e8me-Musig Loz\u00e4rn am Monsterkonzert 2022 <\/strong><strong>(privates Video)<\/strong><\/h2>\n<h3><span style=\"color: #0000ff;\"><a style=\"color: #0000ff;\" href=\"https:\/\/www.youtube.com\/watch?v=cSxN9b1ScvE\" target=\"_blank\" rel=\"noopener\"><strong>Download von youtube.com<\/strong><\/a><\/span><\/h3>\n<h2><strong>Monsterkonzert 2022 Luzern <\/strong><strong>(privates Video)<\/strong><\/h2>\n<h3><a href=\"https:\/\/www.youtube.com\/watch?v=kEdAuheWhzA\" target=\"_blank\" rel=\"noopener\"><strong><span style=\"color: #0000ff;\">Download von youtube.com<\/span><\/strong><\/a><\/h3>\n<h2><strong>Boh\u00e8me-Musig 2022 beim Ap\u00e9ro bei der Franziskanerkirche<\/strong><\/h2>\n<h3><span style=\"color: #0000ff;\"><a style=\"color: #0000ff;\" href=\"https:\/\/www.flickr.com\/photos\/freymarkus\/albums\/72177720297655805\" target=\"_blank\" rel=\"noopener\"><strong>Link zu &lt;flickr.com\/photos\/freymarkus&gt;<\/strong><\/a><\/span><\/h3>\n<h2><strong>Boh\u00e8me-Musig 2022 &#8211; Masken<\/strong><\/h2>\n<h3><a href=\"https:\/\/www.flickr.com\/photos\/freymarkus\/albums\/72177720297659773\" target=\"_blank\" rel=\"noopener\"><strong><span style=\"color: #0000ff;\">Link zu &lt;flickr.com\/photos\/freymarkus&gt;<\/span><\/strong><\/a><\/h3>\n<h2><strong>Boh\u00e8me-Musig 2022 &#8211; unterwegs<\/strong><\/h2>\n<h3><span style=\"color: #0000ff;\"><a style=\"color: #0000ff;\" href=\"https:\/\/www.flickr.com\/photos\/freymarkus\/albums\/72177720297657126\" target=\"_blank\" rel=\"noopener\"><strong>Link zu &lt;flickr.com\/photos\/freymarkus&gt;<\/strong><\/a><\/span><\/h3>\n<h2><strong>Boh\u00e8me-Musig &#8211; Fr\u00fchst\u00fcck im &#8222;Wilden Mann&#8220;<\/strong><\/h2>\n<h3><a href=\"https:\/\/www.flickr.com\/photos\/freymarkus\/albums\/72177720297659638\" target=\"_blank\" rel=\"noopener\"><strong><span style=\"color: #0000ff;\">Link zu &lt;flickr.com\/photos\/freymarkus&gt;<\/span><\/strong><\/a><\/h3>\n<hr>\n<h2><strong>Beitr\u00e4ge von Tele 1<\/strong><\/h2>\n<h2><strong>Tele 1 &#8211; Monstercorso 2022 &#8211; Auftritt der Boh\u00e8me-Musig Loz\u00e4rn (Video geschnitten)<\/strong><\/h2>\n<h3><a href=\"https:\/\/www.youtube.com\/watch?v=qMCitZsUNco\" target=\"_blank\" rel=\"noopener\"><strong><span style=\"color: #0000ff;\">Download von youtube.com<\/span><\/strong><\/a><\/h3>\n<h2><strong>Tele 1 &#8211; Monstercorso 2022 (ganzer Beitrag)<\/strong><\/h2>\n<h3><span style=\"color: #0000ff;\"><strong><a style=\"color: #0000ff;\" href=\"https:\/\/www.youtube.com\/watch?v=SK_6YYpE16k&amp;t=1361s\" target=\"_blank\" rel=\"noopener\">Download von youtube.com<\/a><\/strong><\/span><\/h3>\n<p>&nbsp;<\/p>\n<p>&nbsp;<\/p>\n<h3>&nbsp;<\/h3>\n","protected":false},"excerpt":{"rendered":"<p>Fasnachtsprogramm 2022 bohe\u0300me-programm_2022 (pdf-Download) Boh\u00e8me-Musig Loz\u00e4rn am G\u00fcdismontagmorgen 2022 (privates  [&#8230;]<\/p>\n","protected":false},"author":2,"featured_media":0,"parent":202,"menu_order":0,"comment_status":"closed","ping_status":"closed","template":"","meta":{"ngg_post_thumbnail":0,"jetpack_post_was_ever_published":false,"footnotes":""},"class_list":["post-5390","page","type-page","status-publish","hentry"],"yoast_head":"<!-- This site is optimized with the Yoast SEO plugin v27.5 - https:\/\/yoast.com\/product\/yoast-seo-wordpress\/ -->\n<title>Boh\u00e8me_2022 - Boh\u00e8me Musig Loz\u00e4rn<\/title>\n<meta name=\"robots\" content=\"index, follow, max-snippet:-1, max-image-preview:large, max-video-preview:-1\" \/>\n<link rel=\"canonical\" href=\"https:\/\/boheme-luzern.ch\/index.php\/fotos\/boheme_2022\/\" \/>\n<meta property=\"og:locale\" content=\"de_DE\" \/>\n<meta property=\"og:type\" content=\"article\" \/>\n<meta property=\"og:title\" content=\"Boh\u00e8me_2022 - Boh\u00e8me Musig Loz\u00e4rn\" \/>\n<meta property=\"og:description\" content=\"Fasnachtsprogramm 2022 bohe\u0300me-programm_2022 (pdf-Download) Boh\u00e8me-Musig Loz\u00e4rn am G\u00fcdismontagmorgen 2022 (privates [...]\" \/>\n<meta property=\"og:url\" content=\"https:\/\/boheme-luzern.ch\/index.php\/fotos\/boheme_2022\/\" \/>\n<meta property=\"og:site_name\" content=\"Boh\u00e8me Musig Loz\u00e4rn\" \/>\n<meta property=\"article:publisher\" content=\"https:\/\/de-de.facebook.com\/BohemeLuzern\/\" \/>\n<meta property=\"article:modified_time\" content=\"2022-04-11T12:22:24+00:00\" \/>\n<meta name=\"twitter:card\" content=\"summary_large_image\" \/>\n<meta name=\"twitter:label1\" content=\"Gesch\u00e4tzte Lesezeit\" \/>\n\t<meta name=\"twitter:data1\" content=\"1\u00a0Minute\" \/>\n<script type=\"application\/ld+json\" class=\"yoast-schema-graph\">{\"@context\":\"https:\\\/\\\/schema.org\",\"@graph\":[{\"@type\":\"WebPage\",\"@id\":\"https:\\\/\\\/boheme-luzern.ch\\\/index.php\\\/fotos\\\/boheme_2022\\\/\",\"url\":\"https:\\\/\\\/boheme-luzern.ch\\\/index.php\\\/fotos\\\/boheme_2022\\\/\",\"name\":\"Boh\u00e8me_2022 - Boh\u00e8me Musig Loz\u00e4rn\",\"isPartOf\":{\"@id\":\"https:\\\/\\\/boheme-luzern.ch\\\/#website\"},\"datePublished\":\"2022-03-21T09:48:49+00:00\",\"dateModified\":\"2022-04-11T12:22:24+00:00\",\"breadcrumb\":{\"@id\":\"https:\\\/\\\/boheme-luzern.ch\\\/index.php\\\/fotos\\\/boheme_2022\\\/#breadcrumb\"},\"inLanguage\":\"de\",\"potentialAction\":[{\"@type\":\"ReadAction\",\"target\":[\"https:\\\/\\\/boheme-luzern.ch\\\/index.php\\\/fotos\\\/boheme_2022\\\/\"]}]},{\"@type\":\"BreadcrumbList\",\"@id\":\"https:\\\/\\\/boheme-luzern.ch\\\/index.php\\\/fotos\\\/boheme_2022\\\/#breadcrumb\",\"itemListElement\":[{\"@type\":\"ListItem\",\"position\":1,\"name\":\"Startseite\",\"item\":\"https:\\\/\\\/boheme-luzern.ch\\\/\"},{\"@type\":\"ListItem\",\"position\":2,\"name\":\"Fotos \\\/ Videos\",\"item\":\"https:\\\/\\\/boheme-luzern.ch\\\/index.php\\\/fotos\\\/\"},{\"@type\":\"ListItem\",\"position\":3,\"name\":\"Boh\u00e8me_2022\"}]},{\"@type\":\"WebSite\",\"@id\":\"https:\\\/\\\/boheme-luzern.ch\\\/#website\",\"url\":\"https:\\\/\\\/boheme-luzern.ch\\\/\",\"name\":\"Boh\u00e8me Musig Loz\u00e4rn\",\"description\":\"\",\"publisher\":{\"@id\":\"https:\\\/\\\/boheme-luzern.ch\\\/#organization\"},\"potentialAction\":[{\"@type\":\"SearchAction\",\"target\":{\"@type\":\"EntryPoint\",\"urlTemplate\":\"https:\\\/\\\/boheme-luzern.ch\\\/?s={search_term_string}\"},\"query-input\":{\"@type\":\"PropertyValueSpecification\",\"valueRequired\":true,\"valueName\":\"search_term_string\"}}],\"inLanguage\":\"de\"},{\"@type\":\"Organization\",\"@id\":\"https:\\\/\\\/boheme-luzern.ch\\\/#organization\",\"name\":\"Boh\u00e8me Musig Loz\u00e4rn\",\"url\":\"https:\\\/\\\/boheme-luzern.ch\\\/\",\"logo\":{\"@type\":\"ImageObject\",\"inLanguage\":\"de\",\"@id\":\"https:\\\/\\\/boheme-luzern.ch\\\/#\\\/schema\\\/logo\\\/image\\\/\",\"url\":\"https:\\\/\\\/i2.wp.com\\\/boheme-luzern.ch\\\/wp-content\\\/uploads\\\/2018\\\/04\\\/logo_boheme_transparent.gif?fit=97%2C68&ssl=1\",\"contentUrl\":\"https:\\\/\\\/i2.wp.com\\\/boheme-luzern.ch\\\/wp-content\\\/uploads\\\/2018\\\/04\\\/logo_boheme_transparent.gif?fit=97%2C68&ssl=1\",\"width\":97,\"height\":68,\"caption\":\"Boh\u00e8me Musig Loz\u00e4rn\"},\"image\":{\"@id\":\"https:\\\/\\\/boheme-luzern.ch\\\/#\\\/schema\\\/logo\\\/image\\\/\"},\"sameAs\":[\"https:\\\/\\\/de-de.facebook.com\\\/BohemeLuzern\\\/\"]}]}<\/script>\n<!-- \/ Yoast SEO plugin. -->","yoast_head_json":{"title":"Boh\u00e8me_2022 - Boh\u00e8me Musig Loz\u00e4rn","robots":{"index":"index","follow":"follow","max-snippet":"max-snippet:-1","max-image-preview":"max-image-preview:large","max-video-preview":"max-video-preview:-1"},"canonical":"https:\/\/boheme-luzern.ch\/index.php\/fotos\/boheme_2022\/","og_locale":"de_DE","og_type":"article","og_title":"Boh\u00e8me_2022 - Boh\u00e8me Musig Loz\u00e4rn","og_description":"Fasnachtsprogramm 2022 bohe\u0300me-programm_2022 (pdf-Download) Boh\u00e8me-Musig Loz\u00e4rn am G\u00fcdismontagmorgen 2022 (privates [...]","og_url":"https:\/\/boheme-luzern.ch\/index.php\/fotos\/boheme_2022\/","og_site_name":"Boh\u00e8me Musig Loz\u00e4rn","article_publisher":"https:\/\/de-de.facebook.com\/BohemeLuzern\/","article_modified_time":"2022-04-11T12:22:24+00:00","twitter_card":"summary_large_image","twitter_misc":{"Gesch\u00e4tzte Lesezeit":"1\u00a0Minute"},"schema":{"@context":"https:\/\/schema.org","@graph":[{"@type":"WebPage","@id":"https:\/\/boheme-luzern.ch\/index.php\/fotos\/boheme_2022\/","url":"https:\/\/boheme-luzern.ch\/index.php\/fotos\/boheme_2022\/","name":"Boh\u00e8me_2022 - Boh\u00e8me Musig Loz\u00e4rn","isPartOf":{"@id":"https:\/\/boheme-luzern.ch\/#website"},"datePublished":"2022-03-21T09:48:49+00:00","dateModified":"2022-04-11T12:22:24+00:00","breadcrumb":{"@id":"https:\/\/boheme-luzern.ch\/index.php\/fotos\/boheme_2022\/#breadcrumb"},"inLanguage":"de","potentialAction":[{"@type":"ReadAction","target":["https:\/\/boheme-luzern.ch\/index.php\/fotos\/boheme_2022\/"]}]},{"@type":"BreadcrumbList","@id":"https:\/\/boheme-luzern.ch\/index.php\/fotos\/boheme_2022\/#breadcrumb","itemListElement":[{"@type":"ListItem","position":1,"name":"Startseite","item":"https:\/\/boheme-luzern.ch\/"},{"@type":"ListItem","position":2,"name":"Fotos \/ Videos","item":"https:\/\/boheme-luzern.ch\/index.php\/fotos\/"},{"@type":"ListItem","position":3,"name":"Boh\u00e8me_2022"}]},{"@type":"WebSite","@id":"https:\/\/boheme-luzern.ch\/#website","url":"https:\/\/boheme-luzern.ch\/","name":"Boh\u00e8me Musig Loz\u00e4rn","description":"","publisher":{"@id":"https:\/\/boheme-luzern.ch\/#organization"},"potentialAction":[{"@type":"SearchAction","target":{"@type":"EntryPoint","urlTemplate":"https:\/\/boheme-luzern.ch\/?s={search_term_string}"},"query-input":{"@type":"PropertyValueSpecification","valueRequired":true,"valueName":"search_term_string"}}],"inLanguage":"de"},{"@type":"Organization","@id":"https:\/\/boheme-luzern.ch\/#organization","name":"Boh\u00e8me Musig Loz\u00e4rn","url":"https:\/\/boheme-luzern.ch\/","logo":{"@type":"ImageObject","inLanguage":"de","@id":"https:\/\/boheme-luzern.ch\/#\/schema\/logo\/image\/","url":"https:\/\/i2.wp.com\/boheme-luzern.ch\/wp-content\/uploads\/2018\/04\/logo_boheme_transparent.gif?fit=97%2C68&ssl=1","contentUrl":"https:\/\/i2.wp.com\/boheme-luzern.ch\/wp-content\/uploads\/2018\/04\/logo_boheme_transparent.gif?fit=97%2C68&ssl=1","width":97,"height":68,"caption":"Boh\u00e8me Musig Loz\u00e4rn"},"image":{"@id":"https:\/\/boheme-luzern.ch\/#\/schema\/logo\/image\/"},"sameAs":["https:\/\/de-de.facebook.com\/BohemeLuzern\/"]}]}},"jetpack_sharing_enabled":true,"jetpack_shortlink":"https:\/\/wp.me\/P9zzpd-1oW","jetpack_likes_enabled":true,"jetpack-related-posts":[],"_links":{"self":[{"href":"https:\/\/boheme-luzern.ch\/index.php\/wp-json\/wp\/v2\/pages\/5390","targetHints":{"allow":["GET"]}}],"collection":[{"href":"https:\/\/boheme-luzern.ch\/index.php\/wp-json\/wp\/v2\/pages"}],"about":[{"href":"https:\/\/boheme-luzern.ch\/index.php\/wp-json\/wp\/v2\/types\/page"}],"author":[{"embeddable":true,"href":"https:\/\/boheme-luzern.ch\/index.php\/wp-json\/wp\/v2\/users\/2"}],"replies":[{"embeddable":true,"href":"https:\/\/boheme-luzern.ch\/index.php\/wp-json\/wp\/v2\/comments?post=5390"}],"version-history":[{"count":27,"href":"https:\/\/boheme-luzern.ch\/index.php\/wp-json\/wp\/v2\/pages\/5390\/revisions"}],"predecessor-version":[{"id":5620,"href":"https:\/\/boheme-luzern.ch\/index.php\/wp-json\/wp\/v2\/pages\/5390\/revisions\/5620"}],"up":[{"embeddable":true,"href":"https:\/\/boheme-luzern.ch\/index.php\/wp-json\/wp\/v2\/pages\/202"}],"wp:attachment":[{"href":"https:\/\/boheme-luzern.ch\/index.php\/wp-json\/wp\/v2\/media?parent=5390"}],"curies":[{"name":"wp","href":"https:\/\/api.w.org\/{rel}","templated":true}]}}

Bohème_2022

<h2><strong>Fasnachtsprogramm 2022</strong></h2>
<h3><span style="color: #0000ff;"><strong><a style="color: #0000ff;" href="https://boheme-luzern.ch/wp-content/uploads/2022/02/bohème-programm_2022.pdf" target="_blank" rel="noopener">bohème-programm_2022</a> </strong></span><strong>(pdf-Download)</strong></h3>
<h2><strong>Bohème-Musig Lozärn am Güdismontagmorgen 2022 (privates Video)</strong></h2>
<h3><a href="https://www.youtube.com/watch?v=Q2n3tdvwbhM&amp;t=11s" target="_blank" rel="noopener"><strong><span style="color: #0000ff;">Download von youtube.com</span></strong></a></h3>
<h2><strong>Auftritt 2022 bei 20minuten </strong><strong>(privates Video)</strong></h2>
<h3><span style="color: #0000ff;"><a style="color: #0000ff;" href="https://www.youtube.com/watch?v=E9tmOVHs540&amp;t=7s" target="_blank" rel="noopener"><strong>Download von youtube,com</strong></a></span></h3>
<h2><strong>Bohème-Musig Lozärn am Monsterkonzert 2022 </strong><strong>(privates Video)</strong></h2>
<h3><span style="color: #0000ff;"><a style="color: #0000ff;" href="https://www.youtube.com/watch?v=cSxN9b1ScvE" target="_blank" rel="noopener"><strong>Download von youtube.com</strong></a></span></h3>
<h2><strong>Monsterkonzert 2022 Luzern </strong><strong>(privates Video)</strong></h2>
<h3><a href="https://www.youtube.com/watch?v=kEdAuheWhzA" target="_blank" rel="noopener"><strong><span style="color: #0000ff;">Download von youtube.com</span></strong></a></h3>
<h2><strong>Bohème-Musig 2022 beim Apéro bei der Franziskanerkirche</strong></h2>
<h3><span style="color: #0000ff;"><a style="color: #0000ff;" href="https://www.flickr.com/photos/freymarkus/albums/72177720297655805" target="_blank" rel="noopener"><strong>Link zu &lt;flickr.com/photos/freymarkus&gt;</strong></a></span></h3>
<h2><strong>Bohème-Musig 2022 &#8211; Masken</strong></h2>
<h3><a href="https://www.flickr.com/photos/freymarkus/albums/72177720297659773" target="_blank" rel="noopener"><strong><span style="color: #0000ff;">Link zu &lt;flickr.com/photos/freymarkus&gt;</span></strong></a></h3>
<h2><strong>Bohème-Musig 2022 &#8211; unterwegs</strong></h2>
<h3><span style="color: #0000ff;"><a style="color: #0000ff;" href="https://www.flickr.com/photos/freymarkus/albums/72177720297657126" target="_blank" rel="noopener"><strong>Link zu &lt;flickr.com/photos/freymarkus&gt;</strong></a></span></h3>
<h2><strong>Bohème-Musig &#8211; Frühstück im &#8222;Wilden Mann&#8220;</strong></h2>
<h3><a href="https://www.flickr.com/photos/freymarkus/albums/72177720297659638" target="_blank" rel="noopener"><strong><span style="color: #0000ff;">Link zu &lt;flickr.com/photos/freymarkus&gt;</span></strong></a></h3>
<hr>
<h2><strong>Beiträge von Tele 1</strong></h2>
<h2><strong>Tele 1 &#8211; Monstercorso 2022 &#8211; Auftritt der Bohème-Musig Lozärn (Video geschnitten)</strong></h2>
<h3><a href="https://www.youtube.com/watch?v=qMCitZsUNco" target="_blank" rel="noopener"><strong><span style="color: #0000ff;">Download von youtube.com</span></strong></a></h3>
<h2><strong>Tele 1 &#8211; Monstercorso 2022 (ganzer Beitrag)</strong></h2>
<h3><span style="color: #0000ff;"><strong><a style="color: #0000ff;" href="https://www.youtube.com/watch?v=SK_6YYpE16k&amp;t=1361s" target="_blank" rel="noopener">Download von youtube.com</a></strong></span></h3>
<p>&nbsp;</p>
<p>&nbsp;</p>
<h3>&nbsp;</h3>

<p>Fasnachtsprogramm 2022 bohème-programm_2022 (pdf-Download) Bohème-Musig Lozärn am Güdismontagmorgen 2022 (privates  [&#8230;]</p>

<!-- This site is optimized with the Yoast SEO plugin v27.5 - https://yoast.com/product/yoast-seo-wordpress/ -->
<title>Bohème_2022 - Bohème Musig Lozärn</title>
<meta name="robots" content="index, follow, max-snippet:-1, max-image-preview:large, max-video-preview:-1" />
<link rel="canonical" href="https://boheme-luzern.ch/index.php/fotos/boheme_2022/" />
<meta property="og:locale" content="de_DE" />
<meta property="og:type" content="article" />
<meta property="og:title" content="Bohème_2022 - Bohème Musig Lozärn" />
<meta property="og:description" content="Fasnachtsprogramm 2022 bohème-programm_2022 (pdf-Download) Bohème-Musig Lozärn am Güdismontagmorgen 2022 (privates [...]" />
<meta property="og:url" content="https://boheme-luzern.ch/index.php/fotos/boheme_2022/" />
<meta property="og:site_name" content="Bohème Musig Lozärn" />
<meta property="article:publisher" content="https://de-de.facebook.com/BohemeLuzern/" />
<meta property="article:modified_time" content="2022-04-11T12:22:24+00:00" />
<meta name="twitter:card" content="summary_large_image" />
<meta name="twitter:label1" content="Geschätzte Lesezeit" />
	<meta name="twitter:data1" content="1 Minute" />
<script type="application/ld+json" class="yoast-schema-graph">{"@context":"https:\/\/schema.org","@graph":[{"@type":"WebPage","@id":"https:\/\/boheme-luzern.ch\/index.php\/fotos\/boheme_2022\/","url":"https:\/\/boheme-luzern.ch\/index.php\/fotos\/boheme_2022\/","name":"Bohème_2022 - Bohème Musig Lozärn","isPartOf":{"@id":"https:\/\/boheme-luzern.ch\/#website"},"datePublished":"2022-03-21T09:48:49+00:00","dateModified":"2022-04-11T12:22:24+00:00","breadcrumb":{"@id":"https:\/\/boheme-luzern.ch\/index.php\/fotos\/boheme_2022\/#breadcrumb"},"inLanguage":"de","potentialAction":[{"@type":"ReadAction","target":["https:\/\/boheme-luzern.ch\/index.php\/fotos\/boheme_2022\/"]}]},{"@type":"BreadcrumbList","@id":"https:\/\/boheme-luzern.ch\/index.php\/fotos\/boheme_2022\/#breadcrumb","itemListElement":[{"@type":"ListItem","position":1,"name":"Startseite","item":"https:\/\/boheme-luzern.ch\/"},{"@type":"ListItem","position":2,"name":"Fotos \/ Videos","item":"https:\/\/boheme-luzern.ch\/index.php\/fotos\/"},{"@type":"ListItem","position":3,"name":"Bohème_2022"}]},{"@type":"WebSite","@id":"https:\/\/boheme-luzern.ch\/#website","url":"https:\/\/boheme-luzern.ch\/","name":"Bohème Musig Lozärn","description":"","publisher":{"@id":"https:\/\/boheme-luzern.ch\/#organization"},"potentialAction":[{"@type":"SearchAction","target":{"@type":"EntryPoint","urlTemplate":"https:\/\/boheme-luzern.ch\/?s={search_term_string}"},"query-input":{"@type":"PropertyValueSpecification","valueRequired":true,"valueName":"search_term_string"}}],"inLanguage":"de"},{"@type":"Organization","@id":"https:\/\/boheme-luzern.ch\/#organization","name":"Bohème Musig Lozärn","url":"https:\/\/boheme-luzern.ch\/","logo":{"@type":"ImageObject","inLanguage":"de","@id":"https:\/\/boheme-luzern.ch\/#\/schema\/logo\/image\/","url":"https:\/\/i2.wp.com\/boheme-luzern.ch\/wp-content\/uploads\/2018\/04\/logo_boheme_transparent.gif?fit=97%2C68&ssl=1","contentUrl":"https:\/\/i2.wp.com\/boheme-luzern.ch\/wp-content\/uploads\/2018\/04\/logo_boheme_transparent.gif?fit=97%2C68&ssl=1","width":97,"height":68,"caption":"Bohème Musig Lozärn"},"image":{"@id":"https:\/\/boheme-luzern.ch\/#\/schema\/logo\/image\/"},"sameAs":["https:\/\/de-de.facebook.com\/BohemeLuzern\/"]}]}</script>
<!-- / Yoast SEO plugin. -->

Bohème_2022 - Bohème Musig Lozärn

Fasnachtsprogramm 2022 bohème-programm_2022 (pdf-Download) Bohème-Musig Lozärn am Güdismontagmorgen 2022 (privates [...]

Bohème Musig Lozärn
