{"id":7158,"date":"2023-03-18T16:38:10","date_gmt":"2023-03-18T16:38:10","guid":{"rendered":"https:\/\/boheme-luzern.ch\/?page_id=7158"},"modified":"2023-05-10T15:25:26","modified_gmt":"2023-05-10T15:25:26","slug":"boheme-2023","status":"publish","type":"page","link":"https:\/\/boheme-luzern.ch\/index.php\/fotos\/boheme-2023\/","title":{"rendered":"Boh\u00e8me 2023"},"content":{"rendered":"<h1><strong>Fasnachtsprogramm 2023<\/strong><\/h1>\n<h3><a href=\"https:\/\/boheme-luzern.ch\/wp-content\/uploads\/2023\/01\/Programm_2023.pdf\" target=\"_blank\" rel=\"noopener\"><strong><span style=\"color: #0000ff;\">Boh\u00e8me-Programm_2023<\/span><\/strong><\/a><br \/>\n<strong>(pdf_Download)<br \/>\n<\/strong><\/h3>\n<p><strong>&#8212;&#8212;&#8212;&#8212;&#8212;&#8212;&#8212;&#8212;&#8212;&#8212;&#8212;&#8212;&#8212;&#8212;&#8212;&#8212;&#8212;&#8212;&#8212;&#8212;&#8212;&#8212;&#8212;&#8212;&#8212;&#8212;&#8212;&#8212;&#8212;&#8212;&#8212;&#8212;&#8212;&#8212;&#8212;&#8212;&#8212;&#8212;&#8212;&#8212;&#8212;&#8212;&#8212;&#8212;&#8212;&#8212;&#8212;&#8212;&#8212;&#8212;&#8212;&#8212;&#8212;&#8212;&#8212;&#8212;&#8212;&#8212;&#8212;&#8212;&#8212;&#8212;&#8212;&#8212;&#8212;&#8212;&#8212;&#8212;&#8211;<\/strong><\/p>\n<h1><strong>P\u00f6ldigrind\u00e4 2023<\/strong><\/h1>\n<h3><a href=\"https:\/\/www.flickr.com\/photos\/freymarkus\/albums\/72177720307664113\" target=\"_blank\" rel=\"noopener\"><strong><span style=\"color: #0000ff;\">Link zu &lt;flickr.com\/photos\/freymarkus&gt;<\/span><\/strong><\/a><\/h3>\n<p><strong>&#8212;&#8212;&#8212;&#8212;&#8212;&#8212;&#8212;&#8212;&#8212;&#8212;&#8212;&#8212;&#8212;&#8212;&#8212;&#8212;&#8212;&#8212;&#8212;&#8212;&#8212;&#8212;&#8212;&#8212;&#8212;&#8212;&#8212;&#8212;&#8212;&#8212;&#8212;&#8212;&#8212;&#8212;&#8212;&#8212;&#8212;&#8212;&#8212;&#8212;&#8212;&#8212;&#8212;&#8212;&#8212;&#8212;&#8212;&#8212;&#8212;&#8212;&#8212;&#8212;&#8212;&#8212;&#8212;&#8212;&#8212;&#8212;&#8212;&#8212;&#8212;&#8212;&#8212;&#8212;&#8212;&#8212;&#8212;&#8212;&#8211;<\/strong><\/p>\n<h1><strong>Schmutziger Donnerstag, 16. Februar 2023<br \/>\n<\/strong><\/h1>\n<h3><strong>Marsch Die 4 Alten &#8211; Luzerner Fasnacht 2023 | Tambourenverein, LuGuMu 4711, Chatzemusig und Boh\u00e8me<\/strong><br \/>\n<strong>(Loz\u00e4rner Fasi)<br \/>\n<\/strong><a href=\"https:\/\/www.youtube.com\/watch?v=M4MbQZQxiEw&amp;ab_channel=Loz%C3%A4rnerFasi\" target=\"_blank\" rel=\"noopener\"><strong><span style=\"color: #0000ff;\">Download von youtube<\/span><\/strong><\/a><\/h3>\n<h3><strong>Marsch &#8222;Die 4 Alten&#8220;<br \/>\n<\/strong><a href=\"https:\/\/www.flickr.com\/photos\/freymarkus\/albums\/72177720307660789\" target=\"_blank\" rel=\"noopener\"><strong><span style=\"color: #0000ff;\">Link zu &lt;flickr.com\/photos\/freymarkus&gt;<\/span><\/strong><\/a><\/h3>\n<h3><strong>Fr\u00fchst\u00fcck im Wilden Mann<br \/>\n<a href=\"https:\/\/www.flickr.com\/photos\/freymarkus\/albums\/72177720307662493\" target=\"_blank\" rel=\"noopener\"><span style=\"color: #0000ff;\">Link zu &lt;flickr.com\/photos\/freymarkus&gt;<\/span><\/a><\/strong><\/h3>\n<p><strong>&#8212;&#8212;&#8212;&#8212;&#8212;&#8212;&#8212;&#8212;&#8212;&#8212;&#8212;&#8212;&#8212;&#8212;&#8212;&#8212;&#8212;&#8212;&#8212;&#8212;&#8212;&#8212;&#8212;&#8212;&#8212;&#8212;&#8212;&#8212;&#8212;&#8212;&#8212;&#8212;&#8212;&#8212;&#8212;&#8212;&#8212;&#8212;&#8212;&#8212;&#8212;&#8212;&#8212;&#8212;&#8212;&#8212;&#8212;&#8212;&#8212;&#8212;&#8212;&#8212;&#8212;&#8212;&#8212;&#8212;&#8212;&#8212;&#8212;&#8212;&#8212;&#8212;&#8212;&#8212;&#8212;&#8212;&#8212;&#8212;&#8211;<\/strong><\/p>\n<h1><strong>Guggermesse in der Hofkirche Luzern,<br \/>\n18. Februar 2023<\/strong><\/h1>\n<h3><a href=\"https:\/\/www.youtube.com\/watch?v=CjYOD6VTsbQ&amp;ab_channel=MarkusFrey\" target=\"_blank\" rel=\"noopener\"><span style=\"color: #0000ff;\"><strong>Download von youtube.com<br \/>\n<\/strong><\/span><\/a>Videoschnitt: Markus Frey<br \/>\n<span style=\"color: #000000;\"><strong>(Video von Unbekannt zugestellt)<\/strong><\/span><\/h3>\n<h3><strong>Weiteres Videos zur Guggermesse auf youtube<br \/>\n<\/strong><strong><span style=\"color: #0000ff;\"><a style=\"color: #0000ff;\" href=\"https:\/\/www.youtube.com\/watch?v=IGB1spy-fek&amp;ab_channel=FasnachtLozaernLuzernSwitzerland\" target=\"_blank\" rel=\"noopener\">Download von youtube&nbsp;<\/a><br \/>\n<\/span><\/strong><\/h3>\n<h3><strong>Fotos<br \/>\n<span style=\"color: #0000ff;\"><a style=\"color: #0000ff;\" href=\"https:\/\/www.flickr.com\/photos\/freymarkus\/albums\/72177720307873178\" target=\"_blank\" rel=\"noopener\">Link zu &lt;flickr.com\/photos\/freymarkus&gt;<\/a><\/span><\/strong><\/h3>\n<p><strong>&#8212;&#8212;&#8212;&#8212;&#8212;&#8212;&#8212;&#8212;&#8212;&#8212;&#8212;&#8212;&#8212;&#8212;&#8212;&#8212;&#8212;&#8212;&#8212;&#8212;&#8212;&#8212;&#8212;&#8212;&#8212;&#8212;&#8212;&#8212;&#8212;&#8212;&#8212;&#8212;&#8212;&#8212;&#8212;&#8212;&#8212;&#8212;&#8212;&#8212;&#8212;&#8212;&#8212;&#8212;&#8212;&#8212;&#8212;&#8212;&#8212;&#8212;&#8212;&#8212;&#8212;&#8212;&#8212;&#8212;&#8212;&#8212;&#8212;&#8212;&#8212;&#8212;&#8212;&#8212;&#8212;&#8212;&#8212;&#8212;&#8212;<\/strong><\/p>\n<h1><strong>G\u00fcdismontag, 20. Februar 2023<\/strong><\/h1>\n<h3 class=\"style-scope ytd-watch-metadata\"><strong>Tagwach G\u00fcdism\u00e4ntig, Luzerner Fasnacht 2023<\/strong><br \/>\n<strong>(Loz\u00e4rner Fasi)<\/strong><br \/>\n<strong>Boh\u00e8me Minute 6:32)<\/strong><br \/>\n<a href=\"https:\/\/www.youtube.com\/watch?v=iTyg3HYz4Ys&amp;ab_channel=Loz%C3%A4rnerFasi\" target=\"_blank\" rel=\"noopener\"><span style=\"color: #0000ff;\"><strong>Download von youtube.com<\/strong><\/span><\/a><\/h3>\n<h3><strong>Auftritt der Boh\u00e8memusik bei 20min.<\/strong><\/h3>\n<h3><a href=\"https:\/\/www.youtube.com\/watch?v=IsvYphwf6js&amp;ab_channel=MarkusFrey\" target=\"_blank\" rel=\"noopener\"><span style=\"color: #0000ff;\"><strong>Download von youtube.com<\/strong><\/span><\/a><\/h3>\n<h3><strong>Stimmung in der Pfistergasse nach dem Auftritt bei 20min<br \/>\n<a href=\"https:\/\/www.youtube.com\/watch?v=PBpZandmOLU&amp;ab_channel=MarkusFrey\" target=\"_blank\" rel=\"noopener\"><span style=\"color: #0000ff;\">Download von youtube.com<\/span><\/a><\/strong><\/h3>\n<h3><strong>Fotos der Weyzunft-Tagwache<br \/>\n<span style=\"color: #0000ff;\"><a style=\"color: #0000ff;\" href=\"https:\/\/www.flickr.com\/photos\/freymarkus\/albums\/72177720307592701\" target=\"_blank\" rel=\"noopener\">Link zu &lt;flickr.com\/photos\/freymarkus&gt;<\/a>&nbsp;<\/span><\/strong><\/h3>\n<h3><strong>G\u00f6nnerap\u00e9ro im Wilden Mann am Montag, 20.2.2023<br \/>\n(Video)<br \/>\n<\/strong><a href=\"https:\/\/www.youtube.com\/watch?v=7nHu_4tILwU&amp;ab_channel=MarkusFrey\" target=\"_blank\" rel=\"noopener\"><span style=\"color: #0000ff;\"><strong>Download von youtube.com<\/strong><\/span><\/a><\/h3>\n<h3><strong>G\u00f6nnerap\u00e9ro im Wilden Mann<br \/>\n(Fotos)<\/strong><\/h3>\n<h3><a href=\"https:\/\/www.flickr.com\/photos\/freymarkus\/albums\/72177720307855282\" target=\"_blank\" rel=\"noopener\"><strong><span style=\"color: #0000ff;\">Link zu &lt;flickr.com\/photos\/freymarkus&gt;&nbsp;<\/span><\/strong><\/a><\/h3>\n<h3><strong>&#8212;&#8212;&#8212;&#8212;&#8212;&#8212;&#8212;&#8212;&#8212;&#8212;&#8212;&#8212;&#8212;&#8212;&#8212;&#8212;&#8212;&#8212;&#8212;&#8212;&#8212;&#8212;&#8212;&#8212;&#8212;&#8212;&#8212;&#8212;&#8212;&#8212;&#8212;&#8212;&#8212;&#8212;&#8212;&#8212;&#8212;&#8212;&#8212;&#8212;&#8212;&#8212;&#8212;&#8212;&#8212;&#8212;&#8212;&#8212;&#8212;&#8212;&#8212;&#8212;&#8212;&#8212;&#8212;&#8212;&#8212;&#8212;&#8211;<\/strong><\/h3>\n<h1><strong>G\u00fcdisdienstag, 21. Februar 2023<\/strong><\/h1>\n<h3><strong>Monstercorso<br \/>\n<\/strong><span style=\"color: #0000ff;\"><strong><a href=\"https:\/\/www.youtube.com\/watch?v=zcHSoJnA5y4&amp;ab_channel=GuggeMovies\" target=\"_blank\" rel=\"noopener\"><span style=\"color: #0000ff;\">Download von youtube.com<\/span><\/a><\/strong><\/span><\/h3>\n<h3><strong>Monstercorso in voller L\u00e4nge<br \/>\n(Medienkiste GmbH)<br \/>\n<\/strong>Boh\u00e8me Minute 47:00)<br \/>\n<a href=\"https:\/\/www.youtube.com\/watch?v=hVHYIl5Knic&amp;ab_channel=MedienkisteGmbH\" target=\"_blank\" rel=\"noopener\"><span style=\"color: #0000ff;\"><strong>Download von youtube.com<\/strong><\/span><\/a><\/h3>\n<h3><strong>Fotos<br \/>\nKinderumzug am G\u00fcdisdienstag<br \/>\n<\/strong><a href=\"https:\/\/www.flickr.com\/photos\/freymarkus\/albums\/72177720308078906\" target=\"_blank\" rel=\"noopener\"><span style=\"color: #0000ff;\"><strong>Link zu &lt;flickr.com\/photos\/freymarkus&gt;<\/strong><\/span><\/a><\/h3>\n<h3><strong>Monstercorso 2023 &#8211; Die letzten Stunden der Boh\u00e8me an der Luzerner-Fasnacht 2023<\/strong><br \/>\n<strong><a href=\"https:\/\/www.youtube.com\/watch?v=y2lJJkQ2FnA&amp;ab_channel=MarkusFrey\" target=\"_blank\" rel=\"noopener\"><span style=\"color: #0000ff;\">Download von youtube.com<\/span><\/a><\/strong><\/h3>\n<h3><span style=\"color: #0000ff;\"><span style=\"color: #000000;\"><strong>&#8212;&#8212;&#8212;&#8212;&#8212;&#8212;&#8212;&#8212;&#8212;&#8212;&#8212;&#8212;&#8212;&#8212;&#8212;&#8212;&#8212;&#8212;&#8212;&#8212;&#8212;&#8212;&#8212;&#8212;&#8212;&#8212;&#8212;&#8212;&#8212;&#8212;&#8212;&#8212;&#8212;&#8212;&#8212;&#8212;&#8212;&#8212;&#8212;&#8212;&#8212;&#8212;&#8212;&#8212;&#8212;&#8212;&#8212;&#8212;&#8212;&#8212;&#8212;&#8212;&#8212;&#8212;&#8212;&#8212;&#8212;&#8212;&#8212;<\/strong><\/span><\/span><\/h3>\n<p>&nbsp;<\/p>\n<p>&nbsp;<\/p>\n","protected":false},"excerpt":{"rendered":"<p>Fasnachtsprogramm 2023 Boh\u00e8me-Programm_2023 (pdf_Download) &#8212;&#8212;&#8212;&#8212;&#8212;&#8212;&#8212;&#8212;&#8212;&#8212;&#8212;&#8212;&#8212;&#8212;&#8212;&#8212;&#8212;&#8212;&#8212;&#8212;&#8212;&#8212;&#8212;&#8212;&#8212;&#8212;&#8212;&#8212;&#8212;&#8212;&#8212;&#8212;&#8212;&#8212;&#8212;&#8212;&#8212;&#8212;&#8212;&#8212;&#8212;&#8212;&#8212;&#8212;&#8212;&#8212;&#8212;&#8212;&#8212;&#8212;&#8212;&#8212;&#8212;&#8212;&#8212;&#8212;&#8212;&#8212;&#8212;&#8212;&#8212;&#8212;&#8212;&#8212;&#8212;&#8212;&#8212;&#8212;&#8211; P\u00f6ldigrind\u00e4 2023 Link zu &lt;flickr.com\/photos\/freymarkus&gt;  [&#8230;]<\/p>\n","protected":false},"author":2,"featured_media":0,"parent":202,"menu_order":0,"comment_status":"closed","ping_status":"closed","template":"","meta":{"ngg_post_thumbnail":0,"jetpack_post_was_ever_published":false,"footnotes":""},"class_list":["post-7158","page","type-page","status-publish","hentry"],"yoast_head":"<!-- This site is optimized with the Yoast SEO plugin v27.5 - https:\/\/yoast.com\/product\/yoast-seo-wordpress\/ -->\n<title>Boh\u00e8me 2023 - Boh\u00e8me Musig Loz\u00e4rn<\/title>\n<meta name=\"robots\" content=\"index, follow, max-snippet:-1, max-image-preview:large, max-video-preview:-1\" \/>\n<link rel=\"canonical\" href=\"https:\/\/boheme-luzern.ch\/index.php\/fotos\/boheme-2023\/\" \/>\n<meta property=\"og:locale\" content=\"de_DE\" \/>\n<meta property=\"og:type\" content=\"article\" \/>\n<meta property=\"og:title\" content=\"Boh\u00e8me 2023 - Boh\u00e8me Musig Loz\u00e4rn\" \/>\n<meta property=\"og:description\" content=\"Fasnachtsprogramm 2023 Boh\u00e8me-Programm_2023 (pdf_Download) &#8212;&#8212;&#8212;&#8212;&#8212;&#8212;&#8212;&#8212;&#8212;&#8212;&#8212;&#8212;&#8212;&#8212;&#8212;&#8212;&#8212;&#8212;&#8212;&#8212;&#8212;&#8212;&#8212;&#8212;&#8212;&#8212;&#8212;&#8212;&#8212;&#8212;&#8212;&#8212;&#8212;&#8212;&#8212;&#8212;&#8212;&#8212;&#8212;&#8212;&#8212;&#8212;&#8212;&#8212;&#8212;&#8212;&#8212;&#8212;&#8212;&#8212;&#8212;&#8212;&#8212;&#8212;&#8212;&#8212;&#8212;&#8212;&#8212;&#8212;&#8212;&#8212;&#8212;&#8212;&#8212;&#8212;&#8212;&#8212;&#8211; P\u00f6ldigrind\u00e4 2023 Link zu &lt;flickr.com\/photos\/freymarkus&gt; [...]\" \/>\n<meta property=\"og:url\" content=\"https:\/\/boheme-luzern.ch\/index.php\/fotos\/boheme-2023\/\" \/>\n<meta property=\"og:site_name\" content=\"Boh\u00e8me Musig Loz\u00e4rn\" \/>\n<meta property=\"article:publisher\" content=\"https:\/\/de-de.facebook.com\/BohemeLuzern\/\" \/>\n<meta property=\"article:modified_time\" content=\"2023-05-10T15:25:26+00:00\" \/>\n<meta name=\"twitter:card\" content=\"summary_large_image\" \/>\n<meta name=\"twitter:label1\" content=\"Gesch\u00e4tzte Lesezeit\" \/>\n\t<meta name=\"twitter:data1\" content=\"2\u00a0Minuten\" \/>\n<script type=\"application\/ld+json\" class=\"yoast-schema-graph\">{\"@context\":\"https:\\\/\\\/schema.org\",\"@graph\":[{\"@type\":\"WebPage\",\"@id\":\"https:\\\/\\\/boheme-luzern.ch\\\/index.php\\\/fotos\\\/boheme-2023\\\/\",\"url\":\"https:\\\/\\\/boheme-luzern.ch\\\/index.php\\\/fotos\\\/boheme-2023\\\/\",\"name\":\"Boh\u00e8me 2023 - Boh\u00e8me Musig Loz\u00e4rn\",\"isPartOf\":{\"@id\":\"https:\\\/\\\/boheme-luzern.ch\\\/#website\"},\"datePublished\":\"2023-03-18T16:38:10+00:00\",\"dateModified\":\"2023-05-10T15:25:26+00:00\",\"breadcrumb\":{\"@id\":\"https:\\\/\\\/boheme-luzern.ch\\\/index.php\\\/fotos\\\/boheme-2023\\\/#breadcrumb\"},\"inLanguage\":\"de\",\"potentialAction\":[{\"@type\":\"ReadAction\",\"target\":[\"https:\\\/\\\/boheme-luzern.ch\\\/index.php\\\/fotos\\\/boheme-2023\\\/\"]}]},{\"@type\":\"BreadcrumbList\",\"@id\":\"https:\\\/\\\/boheme-luzern.ch\\\/index.php\\\/fotos\\\/boheme-2023\\\/#breadcrumb\",\"itemListElement\":[{\"@type\":\"ListItem\",\"position\":1,\"name\":\"Startseite\",\"item\":\"https:\\\/\\\/boheme-luzern.ch\\\/\"},{\"@type\":\"ListItem\",\"position\":2,\"name\":\"Fotos \\\/ Videos\",\"item\":\"https:\\\/\\\/boheme-luzern.ch\\\/index.php\\\/fotos\\\/\"},{\"@type\":\"ListItem\",\"position\":3,\"name\":\"Boh\u00e8me 2023\"}]},{\"@type\":\"WebSite\",\"@id\":\"https:\\\/\\\/boheme-luzern.ch\\\/#website\",\"url\":\"https:\\\/\\\/boheme-luzern.ch\\\/\",\"name\":\"Boh\u00e8me Musig Loz\u00e4rn\",\"description\":\"\",\"publisher\":{\"@id\":\"https:\\\/\\\/boheme-luzern.ch\\\/#organization\"},\"potentialAction\":[{\"@type\":\"SearchAction\",\"target\":{\"@type\":\"EntryPoint\",\"urlTemplate\":\"https:\\\/\\\/boheme-luzern.ch\\\/?s={search_term_string}\"},\"query-input\":{\"@type\":\"PropertyValueSpecification\",\"valueRequired\":true,\"valueName\":\"search_term_string\"}}],\"inLanguage\":\"de\"},{\"@type\":\"Organization\",\"@id\":\"https:\\\/\\\/boheme-luzern.ch\\\/#organization\",\"name\":\"Boh\u00e8me Musig Loz\u00e4rn\",\"url\":\"https:\\\/\\\/boheme-luzern.ch\\\/\",\"logo\":{\"@type\":\"ImageObject\",\"inLanguage\":\"de\",\"@id\":\"https:\\\/\\\/boheme-luzern.ch\\\/#\\\/schema\\\/logo\\\/image\\\/\",\"url\":\"https:\\\/\\\/i2.wp.com\\\/boheme-luzern.ch\\\/wp-content\\\/uploads\\\/2018\\\/04\\\/logo_boheme_transparent.gif?fit=97%2C68&ssl=1\",\"contentUrl\":\"https:\\\/\\\/i2.wp.com\\\/boheme-luzern.ch\\\/wp-content\\\/uploads\\\/2018\\\/04\\\/logo_boheme_transparent.gif?fit=97%2C68&ssl=1\",\"width\":97,\"height\":68,\"caption\":\"Boh\u00e8me Musig Loz\u00e4rn\"},\"image\":{\"@id\":\"https:\\\/\\\/boheme-luzern.ch\\\/#\\\/schema\\\/logo\\\/image\\\/\"},\"sameAs\":[\"https:\\\/\\\/de-de.facebook.com\\\/BohemeLuzern\\\/\"]}]}<\/script>\n<!-- \/ Yoast SEO plugin. -->","yoast_head_json":{"title":"Boh\u00e8me 2023 - Boh\u00e8me Musig Loz\u00e4rn","robots":{"index":"index","follow":"follow","max-snippet":"max-snippet:-1","max-image-preview":"max-image-preview:large","max-video-preview":"max-video-preview:-1"},"canonical":"https:\/\/boheme-luzern.ch\/index.php\/fotos\/boheme-2023\/","og_locale":"de_DE","og_type":"article","og_title":"Boh\u00e8me 2023 - Boh\u00e8me Musig Loz\u00e4rn","og_description":"Fasnachtsprogramm 2023 Boh\u00e8me-Programm_2023 (pdf_Download) &#8212;&#8212;&#8212;&#8212;&#8212;&#8212;&#8212;&#8212;&#8212;&#8212;&#8212;&#8212;&#8212;&#8212;&#8212;&#8212;&#8212;&#8212;&#8212;&#8212;&#8212;&#8212;&#8212;&#8212;&#8212;&#8212;&#8212;&#8212;&#8212;&#8212;&#8212;&#8212;&#8212;&#8212;&#8212;&#8212;&#8212;&#8212;&#8212;&#8212;&#8212;&#8212;&#8212;&#8212;&#8212;&#8212;&#8212;&#8212;&#8212;&#8212;&#8212;&#8212;&#8212;&#8212;&#8212;&#8212;&#8212;&#8212;&#8212;&#8212;&#8212;&#8212;&#8212;&#8212;&#8212;&#8212;&#8212;&#8212;&#8211; P\u00f6ldigrind\u00e4 2023 Link zu &lt;flickr.com\/photos\/freymarkus&gt; [...]","og_url":"https:\/\/boheme-luzern.ch\/index.php\/fotos\/boheme-2023\/","og_site_name":"Boh\u00e8me Musig Loz\u00e4rn","article_publisher":"https:\/\/de-de.facebook.com\/BohemeLuzern\/","article_modified_time":"2023-05-10T15:25:26+00:00","twitter_card":"summary_large_image","twitter_misc":{"Gesch\u00e4tzte Lesezeit":"2\u00a0Minuten"},"schema":{"@context":"https:\/\/schema.org","@graph":[{"@type":"WebPage","@id":"https:\/\/boheme-luzern.ch\/index.php\/fotos\/boheme-2023\/","url":"https:\/\/boheme-luzern.ch\/index.php\/fotos\/boheme-2023\/","name":"Boh\u00e8me 2023 - Boh\u00e8me Musig Loz\u00e4rn","isPartOf":{"@id":"https:\/\/boheme-luzern.ch\/#website"},"datePublished":"2023-03-18T16:38:10+00:00","dateModified":"2023-05-10T15:25:26+00:00","breadcrumb":{"@id":"https:\/\/boheme-luzern.ch\/index.php\/fotos\/boheme-2023\/#breadcrumb"},"inLanguage":"de","potentialAction":[{"@type":"ReadAction","target":["https:\/\/boheme-luzern.ch\/index.php\/fotos\/boheme-2023\/"]}]},{"@type":"BreadcrumbList","@id":"https:\/\/boheme-luzern.ch\/index.php\/fotos\/boheme-2023\/#breadcrumb","itemListElement":[{"@type":"ListItem","position":1,"name":"Startseite","item":"https:\/\/boheme-luzern.ch\/"},{"@type":"ListItem","position":2,"name":"Fotos \/ Videos","item":"https:\/\/boheme-luzern.ch\/index.php\/fotos\/"},{"@type":"ListItem","position":3,"name":"Boh\u00e8me 2023"}]},{"@type":"WebSite","@id":"https:\/\/boheme-luzern.ch\/#website","url":"https:\/\/boheme-luzern.ch\/","name":"Boh\u00e8me Musig Loz\u00e4rn","description":"","publisher":{"@id":"https:\/\/boheme-luzern.ch\/#organization"},"potentialAction":[{"@type":"SearchAction","target":{"@type":"EntryPoint","urlTemplate":"https:\/\/boheme-luzern.ch\/?s={search_term_string}"},"query-input":{"@type":"PropertyValueSpecification","valueRequired":true,"valueName":"search_term_string"}}],"inLanguage":"de"},{"@type":"Organization","@id":"https:\/\/boheme-luzern.ch\/#organization","name":"Boh\u00e8me Musig Loz\u00e4rn","url":"https:\/\/boheme-luzern.ch\/","logo":{"@type":"ImageObject","inLanguage":"de","@id":"https:\/\/boheme-luzern.ch\/#\/schema\/logo\/image\/","url":"https:\/\/i2.wp.com\/boheme-luzern.ch\/wp-content\/uploads\/2018\/04\/logo_boheme_transparent.gif?fit=97%2C68&ssl=1","contentUrl":"https:\/\/i2.wp.com\/boheme-luzern.ch\/wp-content\/uploads\/2018\/04\/logo_boheme_transparent.gif?fit=97%2C68&ssl=1","width":97,"height":68,"caption":"Boh\u00e8me Musig Loz\u00e4rn"},"image":{"@id":"https:\/\/boheme-luzern.ch\/#\/schema\/logo\/image\/"},"sameAs":["https:\/\/de-de.facebook.com\/BohemeLuzern\/"]}]}},"jetpack_sharing_enabled":true,"jetpack_shortlink":"https:\/\/wp.me\/P9zzpd-1Rs","jetpack_likes_enabled":true,"jetpack-related-posts":[],"_links":{"self":[{"href":"https:\/\/boheme-luzern.ch\/index.php\/wp-json\/wp\/v2\/pages\/7158","targetHints":{"allow":["GET"]}}],"collection":[{"href":"https:\/\/boheme-luzern.ch\/index.php\/wp-json\/wp\/v2\/pages"}],"about":[{"href":"https:\/\/boheme-luzern.ch\/index.php\/wp-json\/wp\/v2\/types\/page"}],"author":[{"embeddable":true,"href":"https:\/\/boheme-luzern.ch\/index.php\/wp-json\/wp\/v2\/users\/2"}],"replies":[{"embeddable":true,"href":"https:\/\/boheme-luzern.ch\/index.php\/wp-json\/wp\/v2\/comments?post=7158"}],"version-history":[{"count":54,"href":"https:\/\/boheme-luzern.ch\/index.php\/wp-json\/wp\/v2\/pages\/7158\/revisions"}],"predecessor-version":[{"id":7342,"href":"https:\/\/boheme-luzern.ch\/index.php\/wp-json\/wp\/v2\/pages\/7158\/revisions\/7342"}],"up":[{"embeddable":true,"href":"https:\/\/boheme-luzern.ch\/index.php\/wp-json\/wp\/v2\/pages\/202"}],"wp:attachment":[{"href":"https:\/\/boheme-luzern.ch\/index.php\/wp-json\/wp\/v2\/media?parent=7158"}],"curies":[{"name":"wp","href":"https:\/\/api.w.org\/{rel}","templated":true}]}}